when 374172 is divided by 265?
257
What is the remainder when 73474 is divided by 156?
154
What is the remainder when 31019 is divided by 5073?
581
What is the remainder when 2051 is divided by 63?
35
What is the remainder when 27522 is divided by 394?
336
What is the remainder when 7503 is divided by 1054?
125
Calculate the remainder when 90426 is divided by 94.
92
Calculate the remainder when 15941 is divided by 93.
38
Calculate the remainder when 2496 is divided by 1234.
28
Calculate the remainder when 194761 is divided by 23.
20
Calculate the remainder when 110552 is divided by 336.
8
Calculate the remainder when 12198 is divided by 20.
18
What is the remainder when 45198 is divided by 869?
10
What is the remainder when 3593 is divided by 74?
41
What is the remainder when 18074 is divided by 17954?
120
Calculate the remainder when 4873 is divided by 246.
199
What is the remainder when 2536 is divided by 1106?
324
What is the remainder when 50745 is divided by 188?
173
Calculate the remainder when 665 is divided by 218.
11
Calculate the remainder when 368697 is divided by 75.
72
What is the remainder when 260172 is divided by 4265?
7
What is the remainder when 1170 is divided by 462?
246
What is the remainder when 16680 is divided by 132?
48
Calculate the remainder when 11216 is divided by 297.
227
Calculate the remainder when 87238 is divided by 315.
298
Calculate the remainder when 35297 is divided by 688.
209
What is the remainder when 42527 is divided by 181?
173
Calculate the remainder when 193950 is divided by 12930.
0
What is the remainder when 516 is divided by 384?
132
What is the remainder when 74244 is divided by 681?
15
What is the remainder when 2497 is divided by 238?
117
What is the remainder when 83854 is divided by 144?
46
What is the remainder when 6216 is divided by 1815?
771
Calculate the remainder when 1289315 is divided by 429770.
5
What is the remainder when 74478 is divided by 111?
108
What is the remainder when 11196 is divided by 11189?
7
What is the remainder when 4118 is divided by 1617?
884
Calculate the remainder when 85251 is divided by 44.
23
Calculate the remainder when 1485 is divided by 476.
57
What is the remainder when 8862 is divided by 807?
792
Calculate the remainder when 9584 is divided by 275.
234
What is the remainder when 71357 is divided by 20?
17
Calculate the remainder when 2027352 is divided by 28.
12
What is the remainder when 1662 is divided by 581?
500
What is the remainder when 74310 is divided by 2752?
6
What is the remainder when 16021 is divided by 4003?
9
Calculate the remainder when 20802 is divided by 285.
282
Calculate the remainder when 10822 is divided by 73.
18
What is the remainder when 5455 is divided by 547?
532
What is the remainder when 2544 is divided by 206?
72
What is the remainder when 16351 is divided by 744?
727
Calculate the remainder when 49551 is divided by 1901.
125
Calculate the remainder when 181208 is divided by 45302.
0
What is the remainder when 42117 is divided by 234?
231
What is the remainder when 32257 is divided by 53?
33
What is the remainder when 183432 is divided by 13102?
4
What is the remainder when 81855 is divided by 16?
15
What is the remainder when 3793 is divided by 1853?
87
What is the remainder when 116041 is divided by 58014?
13
What is the remainder when 6962 is divided by 3107?
748
Calculate the remainder when 4745 is divided by 189.
20
What is the remainder when 39422 is divided by 95?
92
What is the remainder when 51685 is divided by 17227?
4
What is the remainder when 1395 is divided by 172?
19
Calculate the remainder when 5283 is divided by 1049.
38
Calculate the remainder when 3460859 is divided by 765.
764
Calculate the remainder when 301966 is divided by 251.
13
What is the remainder when 4529 is divided by 412?
409
What is the remainder when 12309 is divided by 434?
157
What is the remainder when 116162 is divided by 514?
512
What is the remainder when 12823 is divided by 31?
20
Calculate the remainder when 4768 is divided by 4752.
16
Calculate the remainder when 5710 is divided by 5687.
23
Calculate the remainder when 9167 is divided by 2046.
983
What is the remainder when 2635 is divided by 566?
371
What is the remainder when 515 is divided by 84?
11
Calculate the remainder when 24577 is divided by 6139.
21
Calculate the remainder when 22742 is divided by 17.
13
What is the remainder when 139310 is divided by 700?
10
Calculate the remainder when 105891 is divided by 445.
426
What is the remainder when 26370 is divided by 24?
18
Calculate the remainder when 2880 is divided by 2565.
315
Calculate the remainder when 691 is divided by 134.
21
Calculate the remainder when 1179934 is divided by 47.
46
What is the remainder when 27392 is divided by 5?
2
Calculate the remainder when 5472 is divided by 461.
401
What is the remainder when 11746 is divided by 52?
46
Calculate the remainder when 1628393 is divided by 115.
108
Calculate the remainder when 3216 is divided by 169.
5
Calculate the remainder when 4181 is divided by 221.
203
Calculate the remainder when 357398 is divided by 92.
70
What is the remainder when 13216 is divided by 1464?
40
What is the remainder when 772653 is divided by 92?
37
Calculate the remainder when 182663 is divided by 236.
235
What is the remainder when 2874 is divided by 2871?
3
What is the remainder when 36065 is divided by 9014?
9
Calculate the remainder when 7545 is divided by 745.
95
Calculate the remainder when 4168 is divided by 1354.
106
Calculate the remainder when 14811 is divided by 7402.
7
What is the remainder when 175783 is divided by 58578?
49
Calculate the remainder when 6254 is divided by 96.
14
What is the remainder when 21204 is divided by 241?
237
What is the remainder when 161831 is divided by 28?
19
What is the remainder when 889 is divided by 80?
9
Calculate the remainder when 245698 is divided by 36.
34
Calculate the remainder when 517 is divided by 315.
202
What is the remainder when 11279 is divided by 113?
92
Calculate the remainder when 7548 is divided by 243.
15
Calculate the remainder when 5552 is divided by 330.
272
What is the remainder when 80814 is divided by 1525?
1514
Calculate the remainder when 836 is divided by 333.
170
What is the remainder when 3667 is divided by 571?
241
What is the remainder when 2438 is divided by 22?
18
Calculate the remainder when 23845 is divided by 20.
5
What is the remainder when 2240 is divided by 746?
2
Calculate the remainder when 467765 is divided by 14.
11
What is the remainder when 326455 is divided by 3752?
31
What is the remainder when 10939 is divided by 2224?
2043
What is the remainder when 139663 is divided by 331?
312
What is the remainder when 24032 is divided by 95?
92
What is the remainder when 1623 is divided by 1595?
28
What is the remainder when 7187 is divided by 277?
262
What is the remainder when 2219 is divided by 374?
349
What is the remainder when 4161 is divided by 26?
1
Calculate the remainder when 67755 is divided by 129.
30
What is the remainder when 3999 is divided by 790?
49
Calculate the remainder when 61395 is divided by 162.
159
What is the remainder when 141163 is divided by 47054?
1
What is the remainder when 26325 is divided by 18?
9
Calculate the remainder when 30175 is divided by 335.
25
What is the remainder when 117803 is divided by 238?
231
What is the remainder when 1094 is divided by 893?
201
What is the remainder when 251266 is divided by 221?
210
Calculate the remainder when 112394 is divided by 37423.
125
Calculate the remainder when 7355 is divided by 66.
29
What is the remainder when 4829 is divided by 2412?
5
What is the remainder when 15379 is divided by 2562?
7
What is the remainder when 453758 is divided by 21?
11
Calculate the remainder when 13117 is divided by 1191.
16
What is the remainder when 64553 is divided by 371?
370
Calculate the remainder when 5913 is divided by 122.
57
What is the remainder when 940959 is divided by 49?
12
Calculate the remainder when 66667 is divided by 33330.
7
What is the remainder when 59401 is divided by 6599?
10
What is the remainder when 5712 is divided by 338?
304
Calculate the remainder when 75143 is divided by 223.
215
What is the remainder when 9449 i